{"id":15619,"date":"2022-03-22T14:35:45","date_gmt":"2022-03-22T14:35:45","guid":{"rendered":"https:\/\/cochi.cl\/web\/?post_type=product&#038;p=15619"},"modified":"2022-03-22T14:35:45","modified_gmt":"2022-03-22T14:35:45","slug":"mouse-pad-gaming-onikuma-rgb-negro-mp006","status":"publish","type":"product","link":"https:\/\/cochi.cl\/web\/producto\/mouse-pad-gaming-onikuma-rgb-negro-mp006\/","title":{"rendered":"MOUSE PAD GAMING ONIKUMA RGB NEGRO MP006"},"content":{"rendered":"<p>Alfombrilla de rat\u00f3n de mu\u00f1eca suave y c\u00f3moda, dale a tu mu\u00f1eca un ambiente c\u00f3modo. Alfombrilla de rat\u00f3n profesional, concentrada en cuidar tu mu\u00f1eca. Hecho de caucho natural, textura fina, el engrosamiento de 4MM es m\u00e1s c\u00f3modo. La parte inferior est\u00e1 hecha de goma espuma natural procesada, que puede adaptarse de manera flexible a la mesa con diferentes materiales de superficie, antideslizante, dise\u00f1o de alta calidad y duradero. M\u00e1s colores: 12 modos de iluminaci\u00f3n obtienen m\u00e1s RGB para su configuraci\u00f3n: rojo, azul oscuro, amarillo, verde, rosa, blanco, azul hielo, arco iris y aliento. Pr\u00e1ctico: la fuente de alimentaci\u00f3n no estorba y el cable adjunto es largo, por lo que es f\u00e1cil de enrutar y ocultar.Simple pero no simple: un simple toque puede cambiar el color de la luz y proporcionar un control extremadamente f\u00e1cil de usar. Plug and play, no requiere controlador. Par\u00e1metros del producto: Caracter\u00edsticas: antideslizante Material: goma Tama\u00f1o: 800x300x4mm<\/p>\n<p><img decoding=\"async\" loading=\"lazy\" class=\"aligncenter size-medium wp-image-15620\" src=\"http:\/\/cochi.cl\/web\/wp-content\/uploads\/2022\/03\/16024842_1-300x300.jpg\" alt=\"\" width=\"300\" height=\"300\" srcset=\"https:\/\/cochi.cl\/web\/wp-content\/uploads\/2022\/03\/16024842_1-300x300.jpg 300w, https:\/\/cochi.cl\/web\/wp-content\/uploads\/2022\/03\/16024842_1-1024x1024.jpg 1024w, https:\/\/cochi.cl\/web\/wp-content\/uploads\/2022\/03\/16024842_1-150x150.jpg 150w, https:\/\/cochi.cl\/web\/wp-content\/uploads\/2022\/03\/16024842_1-768x768.jpg 768w, https:\/\/cochi.cl\/web\/wp-content\/uploads\/2022\/03\/16024842_1-600x600.jpg 600w, https:\/\/cochi.cl\/web\/wp-content\/uploads\/2022\/03\/16024842_1-100x100.jpg 100w, https:\/\/cochi.cl\/web\/wp-content\/uploads\/2022\/03\/16024842_1.jpg 1500w\" sizes=\"(max-width: 300px) 100vw, 300px\" \/> <img decoding=\"async\" loading=\"lazy\" class=\"aligncenter size-medium wp-image-15621\" src=\"http:\/\/cochi.cl\/web\/wp-content\/uploads\/2022\/03\/16024842_2-300x300.jpg\" alt=\"\" width=\"300\" height=\"300\" srcset=\"https:\/\/cochi.cl\/web\/wp-content\/uploads\/2022\/03\/16024842_2-300x300.jpg 300w, https:\/\/cochi.cl\/web\/wp-content\/uploads\/2022\/03\/16024842_2-1024x1024.jpg 1024w, https:\/\/cochi.cl\/web\/wp-content\/uploads\/2022\/03\/16024842_2-150x150.jpg 150w, https:\/\/cochi.cl\/web\/wp-content\/uploads\/2022\/03\/16024842_2-768x768.jpg 768w, https:\/\/cochi.cl\/web\/wp-content\/uploads\/2022\/03\/16024842_2-600x600.jpg 600w, https:\/\/cochi.cl\/web\/wp-content\/uploads\/2022\/03\/16024842_2-100x100.jpg 100w, https:\/\/cochi.cl\/web\/wp-content\/uploads\/2022\/03\/16024842_2.jpg 1500w\" sizes=\"(max-width: 300px) 100vw, 300px\" \/> <img decoding=\"async\" loading=\"lazy\" class=\"aligncenter size-medium wp-image-15622\" src=\"http:\/\/cochi.cl\/web\/wp-content\/uploads\/2022\/03\/16024842_3-300x300.jpg\" alt=\"\" width=\"300\" height=\"300\" srcset=\"https:\/\/cochi.cl\/web\/wp-content\/uploads\/2022\/03\/16024842_3-300x300.jpg 300w, https:\/\/cochi.cl\/web\/wp-content\/uploads\/2022\/03\/16024842_3-1024x1024.jpg 1024w, https:\/\/cochi.cl\/web\/wp-content\/uploads\/2022\/03\/16024842_3-150x150.jpg 150w, https:\/\/cochi.cl\/web\/wp-content\/uploads\/2022\/03\/16024842_3-768x768.jpg 768w, https:\/\/cochi.cl\/web\/wp-content\/uploads\/2022\/03\/16024842_3-600x600.jpg 600w, https:\/\/cochi.cl\/web\/wp-content\/uploads\/2022\/03\/16024842_3-100x100.jpg 100w, https:\/\/cochi.cl\/web\/wp-content\/uploads\/2022\/03\/16024842_3.jpg 1500w\" sizes=\"(max-width: 300px) 100vw, 300px\" \/> <img decoding=\"async\" loading=\"lazy\" class=\"aligncenter size-medium wp-image-15623\" src=\"http:\/\/cochi.cl\/web\/wp-content\/uploads\/2022\/03\/16024842_4-300x300.jpg\" alt=\"\" width=\"300\" height=\"300\" srcset=\"https:\/\/cochi.cl\/web\/wp-content\/uploads\/2022\/03\/16024842_4-300x300.jpg 300w, https:\/\/cochi.cl\/web\/wp-content\/uploads\/2022\/03\/16024842_4-1024x1024.jpg 1024w, https:\/\/cochi.cl\/web\/wp-content\/uploads\/2022\/03\/16024842_4-150x150.jpg 150w, https:\/\/cochi.cl\/web\/wp-content\/uploads\/2022\/03\/16024842_4-768x768.jpg 768w, https:\/\/cochi.cl\/web\/wp-content\/uploads\/2022\/03\/16024842_4-600x600.jpg 600w, https:\/\/cochi.cl\/web\/wp-content\/uploads\/2022\/03\/16024842_4-100x100.jpg 100w, https:\/\/cochi.cl\/web\/wp-content\/uploads\/2022\/03\/16024842_4.jpg 1500w\" sizes=\"(max-width: 300px) 100vw, 300px\" \/> <img decoding=\"async\" loading=\"lazy\" class=\"aligncenter size-medium wp-image-15624\" src=\"http:\/\/cochi.cl\/web\/wp-content\/uploads\/2022\/03\/16024842_5-300x300.jpg\" alt=\"\" width=\"300\" height=\"300\" srcset=\"https:\/\/cochi.cl\/web\/wp-content\/uploads\/2022\/03\/16024842_5-300x300.jpg 300w, https:\/\/cochi.cl\/web\/wp-content\/uploads\/2022\/03\/16024842_5-1024x1024.jpg 1024w, https:\/\/cochi.cl\/web\/wp-content\/uploads\/2022\/03\/16024842_5-150x150.jpg 150w, https:\/\/cochi.cl\/web\/wp-content\/uploads\/2022\/03\/16024842_5-768x768.jpg 768w, https:\/\/cochi.cl\/web\/wp-content\/uploads\/2022\/03\/16024842_5-600x600.jpg 600w, https:\/\/cochi.cl\/web\/wp-content\/uploads\/2022\/03\/16024842_5-100x100.jpg 100w, https:\/\/cochi.cl\/web\/wp-content\/uploads\/2022\/03\/16024842_5.jpg 1500w\" sizes=\"(max-width: 300px) 100vw, 300px\" \/><\/p>\n","protected":false},"excerpt":{"rendered":"<p>Alfombrilla de rat\u00f3n de mu\u00f1eca suave y c\u00f3moda, dale a tu mu\u00f1eca un ambiente c\u00f3modo. Alfombrilla de rat\u00f3n profesional, concentrada en cuidar tu mu\u00f1eca. Hecho de caucho natural, textura fina, el engrosamiento de 4MM es m\u00e1s c\u00f3modo. La parte inferior est\u00e1 hecha de goma espuma natural procesada, que puede adaptarse de manera flexible a la [&hellip;]<\/p>\n","protected":false},"featured_media":15622,"template":"","meta":[],"product_cat":[98,99],"product_tag":[],"_links":{"self":[{"href":"https:\/\/cochi.cl\/web\/wp-json\/wp\/v2\/product\/15619"}],"collection":[{"href":"https:\/\/cochi.cl\/web\/wp-json\/wp\/v2\/product"}],"about":[{"href":"https:\/\/cochi.cl\/web\/wp-json\/wp\/v2\/types\/product"}],"wp:featuredmedia":[{"embeddable":true,"href":"https:\/\/cochi.cl\/web\/wp-json\/wp\/v2\/media\/15622"}],"wp:attachment":[{"href":"https:\/\/cochi.cl\/web\/wp-json\/wp\/v2\/media?parent=15619"}],"wp:term":[{"taxonomy":"product_cat","embeddable":true,"href":"https:\/\/cochi.cl\/web\/wp-json\/wp\/v2\/product_cat?post=15619"},{"taxonomy":"product_tag","embeddable":true,"href":"https:\/\/cochi.cl\/web\/wp-json\/wp\/v2\/product_tag?post=15619"}],"curies":[{"name":"wp","href":"https:\/\/api.w.org\/{rel}","templated":true}]}}