{"id":15643,"date":"2022-04-13T19:04:30","date_gmt":"2022-04-13T19:04:30","guid":{"rendered":"https:\/\/cochi.cl\/web\/?post_type=product&#038;p=15643"},"modified":"2022-04-13T19:04:39","modified_gmt":"2022-04-13T19:04:39","slug":"mouse-gaming-onikuma-cw902-rgb","status":"publish","type":"product","link":"https:\/\/cochi.cl\/web\/producto\/mouse-gaming-onikuma-cw902-rgb\/","title":{"rendered":"MOUSE GAMING ONIKUMA CW902 RGB"},"content":{"rendered":"<p style=\"text-align: center\"><strong>MOUSE GAMING ONIKUMA CW902 RGB <\/strong><\/p>\n<ul>\n<li><strong>(Dise\u00f1ado para PC y port\u00e1tiles para juego).<\/strong> Excelente rendimiento para juegos con 6400 DPI y mouse para juegos programables, seis niveles predeterminados de DPI disponibles desde 800\/1600\/2400\/3200\/4800\/6400 DPI. Con los dos botones DPI, puede ajustar f\u00e1cilmente los dpi para obtener una alta precisi\u00f3n y una capacidad de respuesta constante a cualquier velocidad.<\/li>\n<li><strong>(RAT\u00d3N PARA JUEGOS DE PC PROGRAMABLE CON RETROILUMINACI\u00d3N RGB).<\/strong> 6 configuraciones de memoria, cada una con una combinaci\u00f3n de colores LED distinta para una identificaci\u00f3n r\u00e1pida del nivel de DPI. Adem\u00e1s, los ratones adoptan un sensor de juego \u00f3ptico de alta definici\u00f3n, lo que garantiza la retroalimentaci\u00f3n de cambio m\u00e1s r\u00e1pida para diferentes juegos.<\/li>\n<li><strong>(Todos los botones del mouse son programables).<\/strong> Nuestro software de juegos puede programar f\u00e1cilmente 7 botones del mouse, lo que permite la reasignaci\u00f3n de botones y la asignaci\u00f3n de funciones macro complejas. Satisfaga las demandas de los usuarios de diferentes juegos. Compatible con Windows Windows 8, Windows 7, Windows XP, Vista, Linux, etc. (Nota: sin funci\u00f3n de programaci\u00f3n para el sistema Mac).<\/li>\n<li><strong>(Dise\u00f1o LIGERO Y ERGON\u00d3MICO).<\/strong> El mouse para juegos FVF brinda un dise\u00f1o c\u00f3modo que se adapta naturalmente a su mano y admite m\u00faltiples estilos de agarre. La superficie presenta un acabado de textura fina, lo que permite a los jugadores de juegos de computadora mantener su agarre firme durante el juego. La mejor opci\u00f3n para su mejor rendimiento de juego.<\/li>\n<\/ul>\n<p><img decoding=\"async\" loading=\"lazy\" class=\"alignnone size-medium wp-image-15644\" src=\"http:\/\/cochi.cl\/web\/wp-content\/uploads\/2022\/04\/CW902-1-300x300.jpg\" alt=\"\" width=\"300\" height=\"300\" srcset=\"https:\/\/cochi.cl\/web\/wp-content\/uploads\/2022\/04\/CW902-1-300x300.jpg 300w, https:\/\/cochi.cl\/web\/wp-content\/uploads\/2022\/04\/CW902-1-1024x1024.jpg 1024w, https:\/\/cochi.cl\/web\/wp-content\/uploads\/2022\/04\/CW902-1-150x150.jpg 150w, https:\/\/cochi.cl\/web\/wp-content\/uploads\/2022\/04\/CW902-1-768x768.jpg 768w, https:\/\/cochi.cl\/web\/wp-content\/uploads\/2022\/04\/CW902-1-600x600.jpg 600w, https:\/\/cochi.cl\/web\/wp-content\/uploads\/2022\/04\/CW902-1-100x100.jpg 100w, https:\/\/cochi.cl\/web\/wp-content\/uploads\/2022\/04\/CW902-1.jpg 1500w\" sizes=\"(max-width: 300px) 100vw, 300px\" \/> <img decoding=\"async\" loading=\"lazy\" class=\"alignnone size-medium wp-image-15645\" src=\"http:\/\/cochi.cl\/web\/wp-content\/uploads\/2022\/04\/CW902-2-300x300.jpg\" alt=\"\" width=\"300\" height=\"300\" srcset=\"https:\/\/cochi.cl\/web\/wp-content\/uploads\/2022\/04\/CW902-2-300x300.jpg 300w, https:\/\/cochi.cl\/web\/wp-content\/uploads\/2022\/04\/CW902-2-1024x1024.jpg 1024w, https:\/\/cochi.cl\/web\/wp-content\/uploads\/2022\/04\/CW902-2-150x150.jpg 150w, https:\/\/cochi.cl\/web\/wp-content\/uploads\/2022\/04\/CW902-2-768x768.jpg 768w, https:\/\/cochi.cl\/web\/wp-content\/uploads\/2022\/04\/CW902-2-600x600.jpg 600w, https:\/\/cochi.cl\/web\/wp-content\/uploads\/2022\/04\/CW902-2-100x100.jpg 100w, https:\/\/cochi.cl\/web\/wp-content\/uploads\/2022\/04\/CW902-2.jpg 1500w\" sizes=\"(max-width: 300px) 100vw, 300px\" \/> <img decoding=\"async\" loading=\"lazy\" class=\"alignnone size-medium wp-image-15646\" src=\"http:\/\/cochi.cl\/web\/wp-content\/uploads\/2022\/04\/CW902-3-300x300.jpg\" alt=\"\" width=\"300\" height=\"300\" srcset=\"https:\/\/cochi.cl\/web\/wp-content\/uploads\/2022\/04\/CW902-3-300x300.jpg 300w, https:\/\/cochi.cl\/web\/wp-content\/uploads\/2022\/04\/CW902-3-1024x1024.jpg 1024w, https:\/\/cochi.cl\/web\/wp-content\/uploads\/2022\/04\/CW902-3-150x150.jpg 150w, https:\/\/cochi.cl\/web\/wp-content\/uploads\/2022\/04\/CW902-3-768x768.jpg 768w, https:\/\/cochi.cl\/web\/wp-content\/uploads\/2022\/04\/CW902-3-600x600.jpg 600w, https:\/\/cochi.cl\/web\/wp-content\/uploads\/2022\/04\/CW902-3-100x100.jpg 100w, https:\/\/cochi.cl\/web\/wp-content\/uploads\/2022\/04\/CW902-3.jpg 1500w\" sizes=\"(max-width: 300px) 100vw, 300px\" \/> <img decoding=\"async\" loading=\"lazy\" class=\"alignnone size-medium wp-image-15647\" src=\"http:\/\/cochi.cl\/web\/wp-content\/uploads\/2022\/04\/CW902-4-300x300.jpg\" alt=\"\" width=\"300\" height=\"300\" srcset=\"https:\/\/cochi.cl\/web\/wp-content\/uploads\/2022\/04\/CW902-4-300x300.jpg 300w, https:\/\/cochi.cl\/web\/wp-content\/uploads\/2022\/04\/CW902-4-150x150.jpg 150w, https:\/\/cochi.cl\/web\/wp-content\/uploads\/2022\/04\/CW902-4-768x768.jpg 768w, https:\/\/cochi.cl\/web\/wp-content\/uploads\/2022\/04\/CW902-4-600x600.jpg 600w, https:\/\/cochi.cl\/web\/wp-content\/uploads\/2022\/04\/CW902-4-100x100.jpg 100w, https:\/\/cochi.cl\/web\/wp-content\/uploads\/2022\/04\/CW902-4.jpg 1024w\" sizes=\"(max-width: 300px) 100vw, 300px\" \/> <img decoding=\"async\" loading=\"lazy\" class=\"alignnone size-medium wp-image-15648\" src=\"http:\/\/cochi.cl\/web\/wp-content\/uploads\/2022\/04\/CW902-5-300x300.jpg\" alt=\"\" width=\"300\" height=\"300\" srcset=\"https:\/\/cochi.cl\/web\/wp-content\/uploads\/2022\/04\/CW902-5-300x300.jpg 300w, https:\/\/cochi.cl\/web\/wp-content\/uploads\/2022\/04\/CW902-5-150x150.jpg 150w, https:\/\/cochi.cl\/web\/wp-content\/uploads\/2022\/04\/CW902-5-768x768.jpg 768w, https:\/\/cochi.cl\/web\/wp-content\/uploads\/2022\/04\/CW902-5-600x600.jpg 600w, https:\/\/cochi.cl\/web\/wp-content\/uploads\/2022\/04\/CW902-5-100x100.jpg 100w, https:\/\/cochi.cl\/web\/wp-content\/uploads\/2022\/04\/CW902-5.jpg 1024w\" sizes=\"(max-width: 300px) 100vw, 300px\" \/><\/p>\n","protected":false},"excerpt":{"rendered":"<p>MOUSE GAMING ONIKUMA CW902 RGB (Dise\u00f1ado para PC y port\u00e1tiles para juego). Excelente rendimiento para juegos con 6400 DPI y mouse para juegos programables, seis niveles predeterminados de DPI disponibles desde 800\/1600\/2400\/3200\/4800\/6400 DPI. Con los dos botones DPI, puede ajustar f\u00e1cilmente los dpi para obtener una alta precisi\u00f3n y una capacidad de respuesta constante a [&hellip;]<\/p>\n","protected":false},"featured_media":15644,"template":"","meta":[],"product_cat":[102],"product_tag":[],"_links":{"self":[{"href":"https:\/\/cochi.cl\/web\/wp-json\/wp\/v2\/product\/15643"}],"collection":[{"href":"https:\/\/cochi.cl\/web\/wp-json\/wp\/v2\/product"}],"about":[{"href":"https:\/\/cochi.cl\/web\/wp-json\/wp\/v2\/types\/product"}],"wp:featuredmedia":[{"embeddable":true,"href":"https:\/\/cochi.cl\/web\/wp-json\/wp\/v2\/media\/15644"}],"wp:attachment":[{"href":"https:\/\/cochi.cl\/web\/wp-json\/wp\/v2\/media?parent=15643"}],"wp:term":[{"taxonomy":"product_cat","embeddable":true,"href":"https:\/\/cochi.cl\/web\/wp-json\/wp\/v2\/product_cat?post=15643"},{"taxonomy":"product_tag","embeddable":true,"href":"https:\/\/cochi.cl\/web\/wp-json\/wp\/v2\/product_tag?post=15643"}],"curies":[{"name":"wp","href":"https:\/\/api.w.org\/{rel}","templated":true}]}}