{"id":15715,"date":"2022-04-14T17:18:46","date_gmt":"2022-04-14T17:18:46","guid":{"rendered":"https:\/\/cochi.cl\/web\/?post_type=product&#038;p=15715"},"modified":"2022-04-14T17:19:07","modified_gmt":"2022-04-14T17:19:07","slug":"audifono-gaming-onikuma-k9","status":"publish","type":"product","link":"https:\/\/cochi.cl\/web\/producto\/audifono-gaming-onikuma-k9\/","title":{"rendered":"AUDIFONO GAMING ONIKUMA K9"},"content":{"rendered":"<h3 style=\"text-align: center\"><strong>AUDIFONO GAMING ONIKUMA K9<\/strong><\/h3>\n<h5 id=\"tw-target-text\" class=\"tw-data-text tw-text-large tw-ta\" data-placeholder=\"Traducci\u00f3n\"><span class=\"Y2IQFc\" lang=\"es\">Los auriculares para juegos con cable ONIKUMA K9 brindan el sonido claro necesario para obtener la m\u00e1s m\u00ednima ventaja mientras juegas. El excelente micr\u00f3fono permite que tus compa\u00f1eros de equipo escuchen tus comandos con claridad incluso en una competencia ruidosa y de deportes electr\u00f3nicos. Material de cuero suave y transpirable agradable a la piel que no genera congesti\u00f3n durante un per\u00edodo de uso m\u00e1s prolongado. Sistema de respiraci\u00f3n de color LED, que brinda una experiencia de juego m\u00e1s misteriosa.<\/span><\/h5>\n<ul>\n<li id=\"tw-target-text\" class=\"tw-data-text tw-text-large tw-ta\" data-placeholder=\"Traducci\u00f3n\"><span class=\"Y2IQFc\" lang=\"es\">Para PS4, Xbox One S, Xbox One, Xbox One X, PS4 Pro, PS 4 Slim, PC, computadora port\u00e1til, PSP, Mac, tableta, Nintendo Switch, Nintendo Switch 3DS, Nintendo Switch 3DS LL auriculares para juegos.<\/span><\/li>\n<li class=\"tw-data-text tw-text-large tw-ta\" data-placeholder=\"Traducci\u00f3n\"><span class=\"Y2IQFc\" lang=\"es\">Con cable adaptador de 3,5 mm, perfecto para cambiar el uso del m\u00f3vil\/ordenador\/consola de juegos La posici\u00f3n media del micr\u00f3fono se puede ajustar libremente. Dise\u00f1o de micr\u00f3fono independiente, excelente radio, ajuste de volumen de control de l\u00ednea, un bot\u00f3n para encender\/apagar el micr\u00f3fono, intercomunicador gratuito <\/span><\/li>\n<li class=\"tw-data-text tw-text-large tw-ta\" data-placeholder=\"Traducci\u00f3n\"><span class=\"Y2IQFc\" lang=\"es\">Una diadema retr\u00e1ctil y orejeras ultrasuaves lo hacen perfecto para diferentes personas. Material de PU agradable para la piel, liviano, suave y delicado, no da\u00f1a las orejas, es c\u00f3modo de usar y f\u00e1cil de usar durante largos per\u00edodos de tiempo Las deslumbrantes luces LED RGB est\u00e1n dise\u00f1adas en las orejeras, destacando la atm\u00f3sfera del juego.<\/span><\/li>\n<\/ul>\n<h4 style=\"text-align: center\"><strong>ESPECIFICACIONES:<\/strong><\/h4>\n<p style=\"text-align: center\">Modelo ONIKUMA K9<\/p>\n<p style=\"text-align: center\">Tipo: auriculares para juegos host, auriculares para PC, auriculares m\u00f3viles con auriculares<\/p>\n<p style=\"text-align: center\">\u00bfEs impermeable?: No<\/p>\n<p style=\"text-align: center\">Expansi\u00f3n de tarjeta de memoria: No soportado<\/p>\n<p style=\"text-align: center\">Micr\u00f3fono: Apoyo<\/p>\n<p style=\"text-align: center\">Impedancia: 32\u03a9 \u00b1 15%<\/p>\n<p style=\"text-align: center\">Sensibilidad: 106\u00b13dB<\/p>\n<p style=\"text-align: center\">Rango de respuesta de frecuencia: 20-20000Hz<\/p>\n<p style=\"text-align: center\">Di\u00e1metro del micr\u00f3fono: 50 mm<\/p>\n<p style=\"text-align: center\">Toma de auriculares: 3,5 mm + USB (USB solo para luces LED)<\/p>\n<p style=\"text-align: center\">Longitud de la l\u00ednea: 2,4 millones<\/p>\n<p style=\"text-align: center\">Tama\u00f1o del producto: 18,2*240*8,5 cm<\/p>\n<p style=\"text-align: center\">Tama\u00f1o de embalaje: 20,1*20,1*11,2 cm<\/p>\n<p style=\"text-align: center\">Peso del Producto: 372g<\/p>\n<p style=\"text-align: center\">Peso del paquete: 520g<\/p>\n<p style=\"text-align: center\"><img decoding=\"async\" loading=\"lazy\" class=\"alignnone size-medium wp-image-15716\" src=\"http:\/\/cochi.cl\/web\/wp-content\/uploads\/2022\/04\/71MPE8ErPL._AC_SL1500_-300x298.jpg\" alt=\"\" width=\"300\" height=\"298\" srcset=\"https:\/\/cochi.cl\/web\/wp-content\/uploads\/2022\/04\/71MPE8ErPL._AC_SL1500_-300x298.jpg 300w, https:\/\/cochi.cl\/web\/wp-content\/uploads\/2022\/04\/71MPE8ErPL._AC_SL1500_-1024x1018.jpg 1024w, https:\/\/cochi.cl\/web\/wp-content\/uploads\/2022\/04\/71MPE8ErPL._AC_SL1500_-150x150.jpg 150w, https:\/\/cochi.cl\/web\/wp-content\/uploads\/2022\/04\/71MPE8ErPL._AC_SL1500_-768x763.jpg 768w, https:\/\/cochi.cl\/web\/wp-content\/uploads\/2022\/04\/71MPE8ErPL._AC_SL1500_-600x596.jpg 600w, https:\/\/cochi.cl\/web\/wp-content\/uploads\/2022\/04\/71MPE8ErPL._AC_SL1500_-100x100.jpg 100w, https:\/\/cochi.cl\/web\/wp-content\/uploads\/2022\/04\/71MPE8ErPL._AC_SL1500_.jpg 1364w\" sizes=\"(max-width: 300px) 100vw, 300px\" \/> <img decoding=\"async\" loading=\"lazy\" class=\"alignnone size-medium wp-image-15717\" src=\"http:\/\/cochi.cl\/web\/wp-content\/uploads\/2022\/04\/71SlcVyUyvL._AC_SL1500_-258x300.jpg\" alt=\"\" width=\"258\" height=\"300\" srcset=\"https:\/\/cochi.cl\/web\/wp-content\/uploads\/2022\/04\/71SlcVyUyvL._AC_SL1500_-258x300.jpg 258w, https:\/\/cochi.cl\/web\/wp-content\/uploads\/2022\/04\/71SlcVyUyvL._AC_SL1500_-879x1024.jpg 879w, https:\/\/cochi.cl\/web\/wp-content\/uploads\/2022\/04\/71SlcVyUyvL._AC_SL1500_-768x894.jpg 768w, https:\/\/cochi.cl\/web\/wp-content\/uploads\/2022\/04\/71SlcVyUyvL._AC_SL1500_-600x699.jpg 600w, https:\/\/cochi.cl\/web\/wp-content\/uploads\/2022\/04\/71SlcVyUyvL._AC_SL1500_.jpg 1276w\" sizes=\"(max-width: 258px) 100vw, 258px\" \/> <img decoding=\"async\" loading=\"lazy\" class=\"alignnone size-medium wp-image-15718\" src=\"http:\/\/cochi.cl\/web\/wp-content\/uploads\/2022\/04\/K9-BLACK-300x300.jpg\" alt=\"\" width=\"300\" height=\"300\" srcset=\"https:\/\/cochi.cl\/web\/wp-content\/uploads\/2022\/04\/K9-BLACK-300x300.jpg 300w, https:\/\/cochi.cl\/web\/wp-content\/uploads\/2022\/04\/K9-BLACK-150x150.jpg 150w, https:\/\/cochi.cl\/web\/wp-content\/uploads\/2022\/04\/K9-BLACK-768x768.jpg 768w, https:\/\/cochi.cl\/web\/wp-content\/uploads\/2022\/04\/K9-BLACK-600x600.jpg 600w, https:\/\/cochi.cl\/web\/wp-content\/uploads\/2022\/04\/K9-BLACK-100x100.jpg 100w, https:\/\/cochi.cl\/web\/wp-content\/uploads\/2022\/04\/K9-BLACK.jpg 800w\" sizes=\"(max-width: 300px) 100vw, 300px\" \/> <img decoding=\"async\" loading=\"lazy\" class=\"alignnone size-medium wp-image-15719\" src=\"http:\/\/cochi.cl\/web\/wp-content\/uploads\/2022\/04\/K9-\u9ed1\u8272\u8033\u673a\u4e3b\u56fe-1-300x300.jpg\" alt=\"\" width=\"300\" height=\"300\" srcset=\"https:\/\/cochi.cl\/web\/wp-content\/uploads\/2022\/04\/K9-\u9ed1\u8272\u8033\u673a\u4e3b\u56fe-1-300x300.jpg 300w, https:\/\/cochi.cl\/web\/wp-content\/uploads\/2022\/04\/K9-\u9ed1\u8272\u8033\u673a\u4e3b\u56fe-1-150x150.jpg 150w, https:\/\/cochi.cl\/web\/wp-content\/uploads\/2022\/04\/K9-\u9ed1\u8272\u8033\u673a\u4e3b\u56fe-1-768x768.jpg 768w, https:\/\/cochi.cl\/web\/wp-content\/uploads\/2022\/04\/K9-\u9ed1\u8272\u8033\u673a\u4e3b\u56fe-1-600x600.jpg 600w, https:\/\/cochi.cl\/web\/wp-content\/uploads\/2022\/04\/K9-\u9ed1\u8272\u8033\u673a\u4e3b\u56fe-1-100x100.jpg 100w, https:\/\/cochi.cl\/web\/wp-content\/uploads\/2022\/04\/K9-\u9ed1\u8272\u8033\u673a\u4e3b\u56fe-1.jpg 800w\" sizes=\"(max-width: 300px) 100vw, 300px\" \/> <img decoding=\"async\" loading=\"lazy\" class=\"alignnone size-medium wp-image-15720\" src=\"http:\/\/cochi.cl\/web\/wp-content\/uploads\/2022\/04\/K9-\u9ed1\u8272\u8033\u673a\u4e3b\u56fe-3-300x300.jpg\" alt=\"\" width=\"300\" height=\"300\" srcset=\"https:\/\/cochi.cl\/web\/wp-content\/uploads\/2022\/04\/K9-\u9ed1\u8272\u8033\u673a\u4e3b\u56fe-3-300x300.jpg 300w, https:\/\/cochi.cl\/web\/wp-content\/uploads\/2022\/04\/K9-\u9ed1\u8272\u8033\u673a\u4e3b\u56fe-3-150x150.jpg 150w, https:\/\/cochi.cl\/web\/wp-content\/uploads\/2022\/04\/K9-\u9ed1\u8272\u8033\u673a\u4e3b\u56fe-3-768x768.jpg 768w, https:\/\/cochi.cl\/web\/wp-content\/uploads\/2022\/04\/K9-\u9ed1\u8272\u8033\u673a\u4e3b\u56fe-3-600x600.jpg 600w, https:\/\/cochi.cl\/web\/wp-content\/uploads\/2022\/04\/K9-\u9ed1\u8272\u8033\u673a\u4e3b\u56fe-3-100x100.jpg 100w, https:\/\/cochi.cl\/web\/wp-content\/uploads\/2022\/04\/K9-\u9ed1\u8272\u8033\u673a\u4e3b\u56fe-3.jpg 800w\" sizes=\"(max-width: 300px) 100vw, 300px\" \/> <img decoding=\"async\" loading=\"lazy\" class=\"alignnone size-medium wp-image-15721\" src=\"http:\/\/cochi.cl\/web\/wp-content\/uploads\/2022\/04\/K9-\u9ed1\u8272\u8033\u673a\u4e3b\u56fe-4-300x300.jpg\" alt=\"\" width=\"300\" height=\"300\" srcset=\"https:\/\/cochi.cl\/web\/wp-content\/uploads\/2022\/04\/K9-\u9ed1\u8272\u8033\u673a\u4e3b\u56fe-4-300x300.jpg 300w, https:\/\/cochi.cl\/web\/wp-content\/uploads\/2022\/04\/K9-\u9ed1\u8272\u8033\u673a\u4e3b\u56fe-4-150x150.jpg 150w, https:\/\/cochi.cl\/web\/wp-content\/uploads\/2022\/04\/K9-\u9ed1\u8272\u8033\u673a\u4e3b\u56fe-4-768x768.jpg 768w, https:\/\/cochi.cl\/web\/wp-content\/uploads\/2022\/04\/K9-\u9ed1\u8272\u8033\u673a\u4e3b\u56fe-4-600x600.jpg 600w, https:\/\/cochi.cl\/web\/wp-content\/uploads\/2022\/04\/K9-\u9ed1\u8272\u8033\u673a\u4e3b\u56fe-4-100x100.jpg 100w, https:\/\/cochi.cl\/web\/wp-content\/uploads\/2022\/04\/K9-\u9ed1\u8272\u8033\u673a\u4e3b\u56fe-4.jpg 800w\" sizes=\"(max-width: 300px) 100vw, 300px\" \/><\/p>\n","protected":false},"excerpt":{"rendered":"<p>Auriculares para juegos Onikuma K9 negros con micr\u00f3fono y auriculares para juegos con cancelaci\u00f3n de ruido con micr\u00f3fono y sonido envolvente, luz LED RGB.<\/p>\n","protected":false},"featured_media":15718,"template":"","meta":[],"product_cat":[105],"product_tag":[],"_links":{"self":[{"href":"https:\/\/cochi.cl\/web\/wp-json\/wp\/v2\/product\/15715"}],"collection":[{"href":"https:\/\/cochi.cl\/web\/wp-json\/wp\/v2\/product"}],"about":[{"href":"https:\/\/cochi.cl\/web\/wp-json\/wp\/v2\/types\/product"}],"wp:featuredmedia":[{"embeddable":true,"href":"https:\/\/cochi.cl\/web\/wp-json\/wp\/v2\/media\/15718"}],"wp:attachment":[{"href":"https:\/\/cochi.cl\/web\/wp-json\/wp\/v2\/media?parent=15715"}],"wp:term":[{"taxonomy":"product_cat","embeddable":true,"href":"https:\/\/cochi.cl\/web\/wp-json\/wp\/v2\/product_cat?post=15715"},{"taxonomy":"product_tag","embeddable":true,"href":"https:\/\/cochi.cl\/web\/wp-json\/wp\/v2\/product_tag?post=15715"}],"curies":[{"name":"wp","href":"https:\/\/api.w.org\/{rel}","templated":true}]}}