{"id":15758,"date":"2022-04-14T20:48:37","date_gmt":"2022-04-14T20:48:37","guid":{"rendered":"https:\/\/cochi.cl\/web\/?post_type=product&#038;p=15758"},"modified":"2022-04-14T20:48:48","modified_gmt":"2022-04-14T20:48:48","slug":"audifono-gaming-onikuma-rgb-k10-pro-negro","status":"publish","type":"product","link":"https:\/\/cochi.cl\/web\/producto\/audifono-gaming-onikuma-rgb-k10-pro-negro\/","title":{"rendered":"AUDIFONO GAMING ONIKUMA RGB K10 PRO NEGRO"},"content":{"rendered":"<h3 style=\"text-align: center\"><strong>AUDIFONO GAMING ONIKUMA RGB K10 PRO NEGRO<\/strong><\/h3>\n<h5 id=\"tw-target-text\" class=\"tw-data-text tw-text-large tw-ta\" style=\"text-align: center\" data-placeholder=\"Traducci\u00f3n\"><span class=\"Y2IQFc\" lang=\"es\">\u00bfQuieres mejorar tu experiencia de juego? \u00bfEst\u00e1 cansado de usar sus viejos auriculares para juegos que tienen un sonido de audio de baja calidad que no durar\u00e1 toda la vida? El ONIKUMA K10 PRO es un auricular profesional para juegos que est\u00e1 equipado con un sistema de sonido envolvente 7.1 que puede mejorar en gran medida la calidad del sonido. Estos auriculares para juegos son \u00fanicos porque minimizan los ruidos de fondo y las distorsiones al jugar, lo que ayuda a brindar un sonido claro y de alta frecuencia.<\/span><\/h5>\n<h4 style=\"text-align: center\"><strong>ESPECIFICACIONES<\/strong><\/h4>\n<h5 style=\"text-align: center\">Di\u00e1metro del altavoz: 50 mm<br \/>\nImpedancia: 32ohm\u00b115%<br \/>\nSensibilidad: 116dB\u00b13dB<br \/>\nFrecuencia: 20-20,000Hz<br \/>\nDimensiones del micr\u00f3fono: 6,0 * 2,7 mm<br \/>\nSensibilidad del micr\u00f3fono: -36dB +\/- 3dB<br \/>\nImpedancia del micr\u00f3fono: 2,2 kohm<br \/>\nDirectividad: Omnidireccional<br \/>\nCorriente de trabajo: por debajo de 100mA<br \/>\nLongitud del cable: aprox. 2,2 m\/7,22 pies<br \/>\nTama\u00f1o de los auriculares: aproximadamente 22*9*20 cm\/8,66*3,54*7,87 pulgadas<br \/>\nPeso de los auriculares: 380 g\/13,4 oz<br \/>\nTama\u00f1o del embalaje: 23,2*10,3*21\/9,13*4,06*8cm<br \/>\nPeso del embalaje: 519 g\/1,14 lb<br \/>\nVoltaje de funcionamiento LED RGB: CC 5 V +\/- 5 %<\/h5>\n<p><img decoding=\"async\" loading=\"lazy\" class=\"alignnone size-medium wp-image-15759 alignleft\" src=\"http:\/\/cochi.cl\/web\/wp-content\/uploads\/2022\/04\/1-1-245x300.png\" alt=\"\" width=\"245\" height=\"300\" srcset=\"https:\/\/cochi.cl\/web\/wp-content\/uploads\/2022\/04\/1-1-245x300.png 245w, https:\/\/cochi.cl\/web\/wp-content\/uploads\/2022\/04\/1-1-600x734.png 600w, https:\/\/cochi.cl\/web\/wp-content\/uploads\/2022\/04\/1-1.png 668w\" sizes=\"(max-width: 245px) 100vw, 245px\" \/> <img decoding=\"async\" loading=\"lazy\" class=\"alignnone size-medium wp-image-15760 alignleft\" src=\"http:\/\/cochi.cl\/web\/wp-content\/uploads\/2022\/04\/1-5-300x300.jpg\" alt=\"\" width=\"300\" height=\"300\" srcset=\"https:\/\/cochi.cl\/web\/wp-content\/uploads\/2022\/04\/1-5-300x300.jpg 300w, https:\/\/cochi.cl\/web\/wp-content\/uploads\/2022\/04\/1-5-1024x1024.jpg 1024w, https:\/\/cochi.cl\/web\/wp-content\/uploads\/2022\/04\/1-5-150x150.jpg 150w, https:\/\/cochi.cl\/web\/wp-content\/uploads\/2022\/04\/1-5-768x768.jpg 768w, https:\/\/cochi.cl\/web\/wp-content\/uploads\/2022\/04\/1-5-600x600.jpg 600w, https:\/\/cochi.cl\/web\/wp-content\/uploads\/2022\/04\/1-5-100x100.jpg 100w, https:\/\/cochi.cl\/web\/wp-content\/uploads\/2022\/04\/1-5.jpg 1080w\" sizes=\"(max-width: 300px) 100vw, 300px\" \/> <img decoding=\"async\" loading=\"lazy\" class=\"alignnone size-medium wp-image-15761 alignleft\" src=\"http:\/\/cochi.cl\/web\/wp-content\/uploads\/2022\/04\/1-6-300x300.jpg\" alt=\"\" width=\"300\" height=\"300\" srcset=\"https:\/\/cochi.cl\/web\/wp-content\/uploads\/2022\/04\/1-6-300x300.jpg 300w, https:\/\/cochi.cl\/web\/wp-content\/uploads\/2022\/04\/1-6-1024x1024.jpg 1024w, https:\/\/cochi.cl\/web\/wp-content\/uploads\/2022\/04\/1-6-150x150.jpg 150w, https:\/\/cochi.cl\/web\/wp-content\/uploads\/2022\/04\/1-6-768x768.jpg 768w, https:\/\/cochi.cl\/web\/wp-content\/uploads\/2022\/04\/1-6-600x600.jpg 600w, https:\/\/cochi.cl\/web\/wp-content\/uploads\/2022\/04\/1-6-100x100.jpg 100w, https:\/\/cochi.cl\/web\/wp-content\/uploads\/2022\/04\/1-6.jpg 1080w\" sizes=\"(max-width: 300px) 100vw, 300px\" \/> <img decoding=\"async\" loading=\"lazy\" class=\"alignnone size-medium wp-image-15762 alignleft\" src=\"http:\/\/cochi.cl\/web\/wp-content\/uploads\/2022\/04\/1-8-300x300.jpg\" alt=\"\" width=\"300\" height=\"300\" srcset=\"https:\/\/cochi.cl\/web\/wp-content\/uploads\/2022\/04\/1-8-300x300.jpg 300w, https:\/\/cochi.cl\/web\/wp-content\/uploads\/2022\/04\/1-8-1024x1024.jpg 1024w, https:\/\/cochi.cl\/web\/wp-content\/uploads\/2022\/04\/1-8-150x150.jpg 150w, https:\/\/cochi.cl\/web\/wp-content\/uploads\/2022\/04\/1-8-768x768.jpg 768w, https:\/\/cochi.cl\/web\/wp-content\/uploads\/2022\/04\/1-8-600x600.jpg 600w, https:\/\/cochi.cl\/web\/wp-content\/uploads\/2022\/04\/1-8-100x100.jpg 100w, https:\/\/cochi.cl\/web\/wp-content\/uploads\/2022\/04\/1-8.jpg 1080w\" sizes=\"(max-width: 300px) 100vw, 300px\" \/> <img decoding=\"async\" loading=\"lazy\" class=\"alignnone size-medium wp-image-15763 alignleft\" src=\"http:\/\/cochi.cl\/web\/wp-content\/uploads\/2022\/04\/1-10-300x300.jpg\" alt=\"\" width=\"300\" height=\"300\" srcset=\"https:\/\/cochi.cl\/web\/wp-content\/uploads\/2022\/04\/1-10-300x300.jpg 300w, https:\/\/cochi.cl\/web\/wp-content\/uploads\/2022\/04\/1-10-1024x1024.jpg 1024w, https:\/\/cochi.cl\/web\/wp-content\/uploads\/2022\/04\/1-10-150x150.jpg 150w, https:\/\/cochi.cl\/web\/wp-content\/uploads\/2022\/04\/1-10-768x768.jpg 768w, https:\/\/cochi.cl\/web\/wp-content\/uploads\/2022\/04\/1-10-600x600.jpg 600w, https:\/\/cochi.cl\/web\/wp-content\/uploads\/2022\/04\/1-10-100x100.jpg 100w, https:\/\/cochi.cl\/web\/wp-content\/uploads\/2022\/04\/1-10.jpg 1080w\" sizes=\"(max-width: 300px) 100vw, 300px\" \/> <img decoding=\"async\" loading=\"lazy\" class=\"alignnone size-medium wp-image-15764 alignleft\" src=\"http:\/\/cochi.cl\/web\/wp-content\/uploads\/2022\/04\/1-11-300x300.jpg\" alt=\"\" width=\"300\" height=\"300\" srcset=\"https:\/\/cochi.cl\/web\/wp-content\/uploads\/2022\/04\/1-11-300x300.jpg 300w, https:\/\/cochi.cl\/web\/wp-content\/uploads\/2022\/04\/1-11-1024x1024.jpg 1024w, https:\/\/cochi.cl\/web\/wp-content\/uploads\/2022\/04\/1-11-150x150.jpg 150w, https:\/\/cochi.cl\/web\/wp-content\/uploads\/2022\/04\/1-11-768x768.jpg 768w, https:\/\/cochi.cl\/web\/wp-content\/uploads\/2022\/04\/1-11-600x600.jpg 600w, https:\/\/cochi.cl\/web\/wp-content\/uploads\/2022\/04\/1-11-100x100.jpg 100w, https:\/\/cochi.cl\/web\/wp-content\/uploads\/2022\/04\/1-11.jpg 1080w\" sizes=\"(max-width: 300px) 100vw, 300px\" \/><\/p>\n<p>&nbsp;<\/p>\n","protected":false},"excerpt":{"rendered":"<h5 id=\"tw-target-text\" class=\"tw-data-text tw-text-large tw-ta\" data-placeholder=\"Traducci\u00f3n\"><span class=\"Y2IQFc\" lang=\"es\">Auriculares para juegos profesionales ONIKUMA K10 Pro con cable para PC\/PS4\/XBOX con micr\u00f3fono de retroiluminaci\u00f3n LED para jugadores.<\/span><\/h5>\n","protected":false},"featured_media":15763,"template":"","meta":[],"product_cat":[17],"product_tag":[],"_links":{"self":[{"href":"https:\/\/cochi.cl\/web\/wp-json\/wp\/v2\/product\/15758"}],"collection":[{"href":"https:\/\/cochi.cl\/web\/wp-json\/wp\/v2\/product"}],"about":[{"href":"https:\/\/cochi.cl\/web\/wp-json\/wp\/v2\/types\/product"}],"wp:featuredmedia":[{"embeddable":true,"href":"https:\/\/cochi.cl\/web\/wp-json\/wp\/v2\/media\/15763"}],"wp:attachment":[{"href":"https:\/\/cochi.cl\/web\/wp-json\/wp\/v2\/media?parent=15758"}],"wp:term":[{"taxonomy":"product_cat","embeddable":true,"href":"https:\/\/cochi.cl\/web\/wp-json\/wp\/v2\/product_cat?post=15758"},{"taxonomy":"product_tag","embeddable":true,"href":"https:\/\/cochi.cl\/web\/wp-json\/wp\/v2\/product_tag?post=15758"}],"curies":[{"name":"wp","href":"https:\/\/api.w.org\/{rel}","templated":true}]}}